est common divisor of 143 and m?
13
Let g(h) = -4*h - 12. Let b be g(-4). Calculate the greatest common factor of b and 44.
4
Let w(o) = -o**3 - 5*o**2 - 4*o + 2. Suppose 5*r = -2*z - 2*z + 4, r = 4. Let q be w(z). Suppose -q = c - 5. What is the highest common divisor of 27 and c?
3
Let o = -11 - -47. Let f be (-8)/(-5)*(-10)/(-4). Suppose f*w + w = 45. Calculate the greatest common divisor of o and w.
9
Suppose 5*q - u - 1763 = 0, 1071 = 8*q - 5*q - 5*u. What is the greatest common divisor of q and 32?
32
Suppose -3*k - 4*p = -36, k = -4*p + 4 - 0. Let c be 10/3 + 4/6. What is the highest common factor of k and c?
4
Suppose -4*i + 0*n + 88 = -4*n, -19 = -i + 2*n. What is the greatest common divisor of i and 50?
25
Let z(m) = 3*m - 2. Let x be z(-4). Let g = 32 + x. What is the greatest common factor of 18 and g?
18
Let g(i) = -i - 3*i + 0*i + 6*i. Let w be g(5). Calculate the highest common divisor of 20 and w.
10
Suppose -15 = -2*i + 19. Calculate the highest common factor of 153 and i.
17
Let v be (-6)/(-2*(-2)/(-82)). Let q = 200 - v. What is the greatest common divisor of q and 11?
11
Let g be (-21)/(-6)*8/7. Calculate the highest common factor of 16 and g.
4
Suppose 0 = -0*p + 2*p - 36. Let c be (p*1)/((-6)/(-4)). What is the greatest common divisor of c and 108?
12
Suppose -1 - 14 = -5*a. Suppose 16 = r + a*r. Suppose 0 = -2*u + 4*u - r. Calculate the greatest common divisor of u and 4.
2
Let s be (3 - 6)*(-14)/6. Suppose 1 = -3*p + s. Suppose p*t - 27 = 9. Calculate the greatest common divisor of 18 and t.
18
Let l(k) = -k**3 - 22*k**2 - 21*k + 3. Let o be l(-21). Calculate the highest common factor of o and 21.
3
Suppose 3 = -c + 22. Calculate the greatest common divisor of 19 and c.
19
Suppose 3*t - 2*t - 95 = 0. Calculate the highest common factor of t and 19.
19
Suppose 3*o = 9, 2*o - 11 = 2*n - 77. Calculate the greatest common factor of n and 4.
4
Let p = 2 + 18. Suppose 29 + 11 = 4*u. What is the highest common divisor of p and u?
10
Suppose 0 = 2*s - 3*u - 15, -2*s + 22 = 6*u - 2*u. Calculate the highest common factor of 99 and s.
9
Suppose 3*k + 4*p = -2*k + 32, -2*p = 3*k - 18. Suppose 20 = o + k*o. Suppose r = -o*r + 45. What is the greatest common divisor of 99 and r?
9
Let f(g) = 35*g + 1. Let x be f(5). Calculate the greatest common divisor of 16 and x.
16
Let j(a) = 14*a + 4. Suppose 5*d - 4 = -4*z + 54, -2*z = 5*d - 54. Let h be j(d). Suppose -q = q - h. Calculate the highest common factor of q and 8.
8
Suppose 5*w - w - 16 = 0. Let r = w - 3. Let l be ((-52)/(-8))/(r/2). Calculate the highest common factor of 104 and l.
13
Let n be 568/3 + (7/(-3) - -3). Calculate the greatest common factor of 38 and n.
38
Suppose -2*v - 4*q + 536 = 0, -4*v + 266 = -3*v + 4*q. What is the highest common divisor of v and 18?
18
Let p(a) be the first derivative of a**3/3 - 3*a**2 + 9*a + 4. Let g be p(-7). Calculate the greatest common divisor of 20 and g.
20
Let m be -1*(0 + 0)*-1. Suppose j - 52 = -4*l, -2*l + m*j = j - 28. Suppose 15*r - 31*r + 48 = 0. Calculate the highest common factor of r and l.
3
Suppose -7*i = -2*i - 135. Let c = i - 7. What is the greatest common factor of 50 and c?
10
Let k be 2/12 + 59/6. Let m be ((-24)/(-20))/(3/k). Calculate the greatest common factor of 10 and m.
2
Suppose 5 = -s + r + 2*r, 3*s - 33 = -3*r. Let j(o) = 3*o - 23. Let q be j(10). Calculate the highest common factor of s and q.
7
Suppose -m + 5*m = -2*d + 12, -3*d - 3*m = -27. Let q = -10 - -14. What is the highest common divisor of d and q?
4
Let u = 38 + 25. What is the greatest common factor of u and 21?
21
Let b be 0 - -64 - (1 - 5). Calculate the highest common factor of b and 17.
17
Suppose -3 = 5*p - 23. Suppose -95 = w + 83. Let l be w/(-4) - 3/6. What is the greatest common factor of l and p?
4
Suppose 2*n + 40 = 5*y, -3*n - 20 - 1 = -y. Suppose -5*u = -y - 4. Calculate the greatest common divisor of u and 6.
2
Let x(w) = 31*w**2 + 5*w + 9. Let r be x(-3). Calculate the highest common factor of r and 39.
39
Suppose m + 12 = 4*m. Let r(y) = y**2 - 9*y + 4. Let a be r(6). Let i be a/(-18) + 6/27. Calculate the highest common divisor of m and i.
1
Suppose 1716 = 8*k + 4*k. What is the highest common factor of k and 26?
13
Suppose 2*b + 9 = 5*b. Suppose s = -b*s. Suppose 2*r - 11 = -3*q - s*q, 8 = 3*q - r. Calculate the highest common factor of 2 and q.
1
Let i be 68/4 + 6/(-3). Let o = 20 - i. What is the highest common divisor of o and 35?
5
Suppose z - 2*d + 7 = -0*z, -5*z + 13 = 2*d. Let c be 1 + z - (1 + -76). Calculate the greatest common divisor of 7 and c.
7
Suppose -2*i + 6*i = 364. Let a = 1 - 1. Suppose 35 = 3*y - 4*w, w + a*w - 1 = 0. What is the greatest common divisor of y and i?
13
Let y(l) = -11*l**2 - 11*l - 5. Let n(g) = -5*g**2 - 5*g - 2. Let v(f) = 13*n(f) - 6*y(f). Let d be v(3). Calculate the highest common factor of d and 24.
8
Let w(l) = -9*l**3 + l - 2. Let p(i) = -i**3. Let r(q) = 3*p(q) - w(q). Let g be 1 + 3 + 1 + -3. Let b be r(g). What is the greatest common divisor of b and 12?
12
Let o = -5 + 10. What is the highest common factor of o and 2?
1
Let g(d) = 6 - 44*d + 0*d**3 + 23*d + 22*d + d**3. Let x be g(5). Suppose 12 = 2*l - 22. Calculate the greatest common divisor of l and x.
17
Let r(k) = -k**3 + 3*k**2 + 5*k + 1. Let l be r(4). Calculate the highest common factor of l and 15.
5
Suppose 4 + 0 = r. Suppose 2*p = r*s + 58, 0 = 5*p + 5*s - 57 - 118. Let i = p + -5. What is the greatest common factor of 7 and i?
7
Let l = 18 - 10. Let h(r) = -4*r**3 - 2*r**2 - 2. Let j be h(-3). Calculate the greatest common factor of l and j.
8
Let g = 5 + -2. Let l be 1/g - (-188)/3. What is the highest common divisor of 21 and l?
21
Let d be (-4)/4*-4 + -1. Suppose 0*g + 5*g = 15. Calculate the highest common divisor of d and g.
3
Suppose -11*y + 12*y = -28. Let r be (-40)/3*189/y. Calculate the highest common factor of r and 9.
9
Suppose -28 = -6*m + 4*m. Calculate the greatest common divisor of m and 42.
14
Suppose -5*u + 83 + 22 = 0. What is the highest common divisor of 42 and u?
21
Suppose 5*i - 10 = 0, 0*i - 12 = -2*z - i. What is the greatest common divisor of 50 and z?
5
Let a(t) = -t**3 - 2*t**2 + 2. Let v be 0 + 1 + 1*-3. Let g be a(v). Suppose 3*m + 3*w - 27 = 0, w = m - 7 - 0. Calculate the highest common divisor of m and g.
2
Suppose -12 + 3 = -3*o. Let c be (-56)/(-2) + (-3)/o. Calculate the greatest common divisor of c and 9.
9
Let l(z) = z**3 + 6*z**2 - z + 6. Let n be l(-6). Suppose -2*o = 4*a - n, o + 2*a = 4*a + 10. What is the greatest common factor of 8 and o?
8
Let v = -61 - -74. Let t = -158 - -223. Calculate the greatest common factor of t and v.
13
Let u = 77 + -51. Let m = 7 + 6. Calculate the highest common divisor of u and m.
13
Let d be -2 - -2*(-51)/(-6). Let w = -9 + 13. Suppose -30 = g - w*g. Calculate the greatest common divisor of g and d.
5
Let w be 10/25 - 1836/(-10). Let f = w - 300. Let j = f - -196. Calculate the highest common factor of j and 16.
16
Let b be (1/2)/((-2)/(-72)). Suppose -4*w - w + 2*a = -364, -4*a = 2*w - 136. What is the highest common divisor of w and b?
18
Suppose -5*r = -0*r. Suppose 0 = h - r*h - 2. Suppose -6 = j - h*j. Calculate the greatest common divisor of j and 18.
6
Let h(l) be the second derivative of -4*l**3/3 - 3*l**2/2 + 5*l. Let c be h(-2). What is the greatest common divisor of c and 143?
13
Let o(g) = g**2 - 4*g - 10. Let j be o(6). Suppose j*d = 4*w - 418, -4*w - 2*d = -0*w - 398. Calculate the greatest common factor of 17 and w.
17
Suppose -a + 16 = 4*t, -1 - 1 = 2*t - 2*a. What is the greatest common factor of 45 and t?
3
Let t be ((-2002)/(-33))/(1/3). Let i = 262 - t. Calculate the highest common factor of i and 10.
10
Let c be (2 - 294/(-2)) + -2. Let i = c - 103. Let y be -1*7*(-32)/56. What is the greatest common divisor of i and y?
4
Suppose 3*d = 112 + 320. Let b be 18*(1 - 4 - -4). What is the highest common divisor of b and d?
18
Suppose 3*q - 45 = -2*q. Suppose -j + q = -l - 10, -j = 3*l - 15. Calculate the greatest common factor of 9 and j.
9
Let z = 22 - 10. Calculate the highest common divisor of 96 and z.
12
Let s be (1 + -1)/2 + 143. Let x be 16 + (-2 - 2 - -1). Calculate the greatest common divisor of x and s.
13
Let j(b